t.
5
Let v = 33 + -26. Suppose 2*p = -7 - v. Let c(j) = -2*j + 12. What are the prime factors of c(p)?
2, 13
Suppose 16 = m + 5*f, 2*m + 2*f - 18 = -f. Suppose 0 = k - m*k + 175. What are the prime factors of k?
5, 7
Suppose -2*h - 5*x + 752 = 0, -4*h + 1401 = 3*x - 103. What are the prime factors of h?
2, 47
Suppose -10*v = -418 - 2792. What are the prime factors of v?
3, 107
Suppose -52*c + 44*c = -1952. List the prime factors of c.
2, 61
Let i(x) = -x**3 + x - 2. Let q be i(0). Let g be q/(21/6 + -3). Let b = 11 - g. What are the prime factors of b?
3, 5
List the prime factors of (-5 - (2 + -2 + -697)) + -2.
2, 3, 5, 23
Let c(k) = k + 1. Let v(a) = 1. Let p(b) = c(b) - 5*v(b). What are the prime factors of p(17)?
13
Let c = 14222 - 10014. List the prime factors of c.
2, 263
Suppose j = -4*m + 13, -3*m = 5*j - 2 + 5. Suppose m*x - 5*x = -2*n - 191, 704 = 4*x + 4*n. List the prime factors of x.
181
Let n be ((-2)/10)/1 - (-19)/(-5). Let y = n + 43. What are the prime factors of y?
3, 13
Suppose 0 = 7*w - 2*w + 5*a - 25, -15 = w - 3*a. Let t be 4/(-2)*1 - -38. Suppose w = -3*h - 12, 4*r - t = 3*r - 2*h. List the prime factors of r.
2, 11
Let t(y) = 324*y - 70. List the prime factors of t(2).
2, 17
Let n(f) = 208*f - 16. What are the prime factors of n(6)?
2, 7, 11
Let m = 10 - 10. Suppose 3*w + 90 = -m*w. List the prime factors of w/9*(-9)/6.
5
Let o(b) = -121*b + 3. What are the prime factors of o(-1)?
2, 31
Let m(i) be the second derivative of i**4/12 - i**3/6 + 15*i**2/2 - 5*i. What are the prime factors of m(7)?
3, 19
Suppose 24*v = 14*v + 14060. List the prime factors of v.
2, 19, 37
Suppose -5*y + 2 = -353. What are the prime factors of y?
71
Suppose 0 = -253*l + 255*l - 762. What are the prime factors of l?
3, 127
Let y = 16 + 7. Let b be (-21)/(-6) + (-1)/2. Suppose 4*v - 20 = 3*q, v - y + b = -3*q. List the prime factors of v.
2
Suppose -y + 3*y = 0. Suppose 4*i + i - 20 = y. Let x = 5 + i. What are the prime factors of x?
3
Let t(k) = 334*k + 227. List the prime factors of t(16).
3, 619
Suppose -5*z + 10530 = 4*d - 7*z, -3*z = -4*d + 10529. What are the prime factors of d?
2633
What are the prime factors of (3 + -4)/(20/(-56440))?
2, 17, 83
Let t(k) = k**3 - 3*k**2 + k. Let l be t(2). Let u(a) = a**3 - 10*a**2 - 9*a - 18. Let p be u(11). List the prime factors of (-4)/((-8 - l) + p).
2
Let b = -81 - -168. Suppose 213 = 4*s - b. List the prime factors of s.
3, 5
Suppose 2*q = -0*b + 5*b - 68, -135 = 5*q + 5*b. Let x = q + 33. List the prime factors of 10/(-20) + 138/x.
2, 17
Let h(b) = -b**2 + 2*b. Let v be h(2). Suppose v = y - 6*y. Suppose -2*i + 16 = 2*f, -3*f + i + 3*i + 10 = y. List the prime factors of f.
2, 3
Suppose 5*h - 3423 = -2*d, 12*d + 4*h = 10*d + 3422. List the prime factors of d.
1709
Suppose 5*p - 7713 = -4*m, -2*m - 5*p + 5433 - 1564 = 0. What are the prime factors of m?
2, 31
List the prime factors of 430/15*90/5.
2, 3, 43
List the prime factors of 5/(-15) - 1838/(-6).
2, 3, 17
Let v(i) = 86*i**2 + 24. What are the prime factors of v(4)?
2, 5, 7
Suppose -3*b + 4*f = 8*f - 42, 5*b = 3*f + 41. Let i(w) = w + 4*w - 4*w + 8*w + b. List the prime factors of i(5).
5, 11
Let r(t) = -2 - 140*t - 18 + 25. List the prime factors of r(-1).
5, 29
Let z = 2 + 3. Let w be (z/15)/((-1)/(-18)). List the prime factors of 1 - 3*(-4)/w.
3
Let b be 4 + (-4)/(-2) + -2. Let x be ((-4)/5)/((-16)/40). Suppose -b*l = -50 + x. List the prime factors of l.
2, 3
Suppose -3*i = -132 - 57. Suppose 0 = -8*m + i + 41. List the prime factors of m.
13
Suppose 0*l = 3*l. Suppose l = 3*x, -2*c + 120 = 3*x - 4*x. List the prime factors of c.
2, 3, 5
Let t(w) = 5 - w - 1 + 22*w - 2. List the prime factors of t(3).
5, 13
Let r(f) = f**3 - 6*f**2 - 47*f + 19. What are the prime factors of r(16)?
3, 7, 29
Suppose 0 = -k + 4*t - 6 + 1, 2*k - 14 = -4*t. Suppose 0 = 4*d + 2*b - 190, -3*b - 144 = -k*d - 6*b. What are the prime factors of d?
47
Suppose -a - 293 = -5*u, -3*a + 4*u - 550 = 274. Let o = a + 376. List the prime factors of o.
2, 3
Suppose 10*w - 128 = 2. Suppose -18*n + 1110 = -w*n. What are the prime factors of n?
2, 3, 37
Let b = -4629 - -7410. What are the prime factors of b?
3, 103
Let k(b) = b**3 - 13*b**2 + 11*b + 12. Let f be k(12). Let l be f + ((-6)/3 - -69). Suppose 179 = 5*m - t, t = -5*m - l + 248. List the prime factors of m.
2, 3
Let z(b) = 6*b**2 + 9*b + 5. Let j(p) = p**2 - p - 1. Let d be 2 - 3*(-2 - -1). Let a(o) = d*j(o) - z(o). What are the prime factors of a(-9)?
5, 7
Let k(z) = -3*z - 4. Let y be k(-2). Let n(r) = -2*r**2 + 24*r**3 - 27*r**3 + 4*r + 2*r**y + 2*r**2 + 3. List the prime factors of n(-2).
3
Let s be (-4 + 0 - -1) + 24. What are the prime factors of (-9)/(-2 + -1)*s?
3, 7
Suppose -18 = -3*m + 5*s, -4*s = -2*m - 0*s + 14. What are the prime factors of 3 - -167*(m - 0)?
2, 5, 17
Let w = -56 + 80. Suppose -2*a - 38 = -16. Let m = w + a. List the prime factors of m.
13
Let w(m) = -773*m - 2. List the prime factors of w(-1).
3, 257
Suppose 68*u - 59*u - 3618 = 0. List the prime factors of u.
2, 3, 67
Let h(q) = q**2 - 11*q + 7. Let y(j) = -j**2 + 16*j + 12. Let m be y(16). What are the prime factors of h(m)?
19
What are the prime factors of 0/(1/1) - 6600/(-20)?
2, 3, 5, 11
Suppose 0 = 6*i - i - 50. Suppose 0 = 3*v - i + 1. Suppose v*k + k = 2*y + 24, -k - y = -9. List the prime factors of k.
7
Let j = -18 - -145. Suppose -6*m - j = -7*m. What are the prime factors of m?
127
Let v = -65 - -70. Suppose -5*f + 335 = -v*t, -3*t + 3 = -4*t. What are the prime factors of f?
2
Let o(u) = 103*u**3 - 2*u**2 + 5. Let g(v) = -206*v**3 + 4*v**2 - 9. Let m(l) = -4*g(l) - 7*o(l). What are the prime factors of m(1)?
2, 3, 17
What are the prime factors of 9780/(9 - 5) - -4?
31, 79
What are the prime factors of ((-5698)/42 - 13)/(6/(-153))?
17, 223
Let u = 1077 + -1054. What are the prime factors of u?
23
Let g = -348 - -760. List the prime factors of g.
2, 103
Suppose 2*a - 5*u = 3*a + 155, -4*a - 5*u = 635. Let m = -103 - a. List the prime factors of m.
3, 19
Let d(i) = -3*i**2 - 4*i + 4. Let g be d(2). List the prime factors of g/20 - (-687)/15.
3, 5
Let s be (-42)/8*(-160)/12. Let y = -33 + s. What are the prime factors of y?
37
Let r(t) = -t**3 + 11*t**2 + 4*t - 7. Let g = 27 + -21. Suppose -2*s - g*o + 2*o + 38 = 0, -4 = -o. List the prime factors of r(s).
37
Suppose -5*g + 0*x + 2*x + 28 = 0, 5*g + 3*x = 8. Let s = -2 - g. Let z = 19 + s. List the prime factors of z.
13
Let w = -789 - -1070. What are the prime factors of w?
281
Let k(o) = o**2 - o - 180. Let w be k(0). Let n = 259 + w. List the prime factors of n.
79
Let k(m) = 4*m**3 - 13*m**2 - 16*m - 11. Let x(u) = 3*u**3 - 13*u**2 - 15*u - 11. Let q(j) = -2*k(j) + 3*x(j). List the prime factors of q(14).
3
Let q(c) = -c**3 + 10*c**2 + 16*c - 12. Suppose 3*s - 4*p - 27 = 0, -3*s + 3*p = -8*s + 45. List the prime factors of q(s).
3, 71
Let o(l) = 9*l - 6. Let p be -2 - -1 - (4 + -8). Suppose -p*k + 16 = 2*c, -2 = k - 5*c + 4. List the prime factors of o(k).
2, 3, 5
Let z(h) = 6*h**2 - 2*h - 79. Let q(s) = -5*s**2 + 2*s + 81. Let g(y) = 5*q(y) + 4*z(y). List the prime factors of g(0).
89
Let x = 12 + -7. Suppose x*r - 3*r = -164. Let j = r + 116. List the prime factors of j.
2, 17
Suppose 7*f - 9*f = 196. Let z = 168 + f. List the prime factors of z.
2, 5, 7
Suppose -36 = -2*r + 4*p, -21 = -2*r + 2*p - p. List the prime factors of 238/r - (-8)/32.
2, 3, 5
Suppose 3*n - 26*f + 31*f = 12068, 2*f + 16056 = 4*n. What are the prime factors of n?
2, 251
Let w(d) = -5*d**3 + d. Let a be w(-1). Suppose -a*k = -2*k - 6, -2*k = 4*p - 290. List the prime factors of p.
71
Suppose -6*f + 2*f + 12 = 0. Suppose 2*t + 9 = s, 0 = -3*t - 3*s + s - f. What are the prime factors of (1/t)/(8/(-480))?
2, 5
Suppose 4008 = 7*q - 1634. What are the prime factors of q?
2, 13, 31
Let b be (9/(-6) - -4)*2. Suppose 102 = b*a - 2*a. What are the prime factors of a?
2, 17
Suppose -3*s + 142 = 1. Let o = s - 33. What are the prime factors of o?
2, 7
Suppose -2*y - 2*y - l = -2402, 4*y + 5*l = 2394. List the prime factors of y.
601
Let i = 173 + -153. What are the prime factors of i?
2, 5
Suppose 0*w - r = 3*w + 2, 2 = -4*w - r. Suppose w = -0*v - v. Suppose 2*m - 4*m + 26 = v. What are the prime factors